7ab0 (base 12) to base 4.
-102201210
Convert 131143 (base 10) to base 11.
8a591
-576049 (base 12) to base 2
-101010101101110111001
What is 10614263 (base 7) in base 8?
3425055
What is -2674053 (base 9) in base 13?
-3c43c5
-751063 (base 10) to base 12
-302787
Convert a84e97 (base 15) to base 7.
125062633
Convert -20224205 (base 6) to base 4.
-2031112031
Convert -1111111101100111001001 (base 2) to base 3.
-21212121002021
304b0f (base 16) to base 13
86a762
Convert -377e0 (base 15) to base 5.
-21133120
What is -442414 (base 5) in base 12?
-8a7b
Convert 2005424 (base 6) to base 3.
11210200221
Convert 141036603 (base 7) to base 10.
9186180
Convert -101603261 (base 7) to base 11.
-3418240
What is -1ecba (base 15) in base 2?
-11000100110001110
Convert -44101220 (base 5) to base 7.
-3133642
Convert 15787 (base 15) to base 7.
405520
Convert 147268 (base 14) to base 13.
1bb922
What is -4434ab8 (base 12) in base 9?
-26428275
Convert 95b82 (base 12) to base 13.
6b849
Convert -1441432 (base 6) to base 2.
-10100010101111100
1010234342 (base 5) to base 9
3748275
-1452423 (base 6) to base 15
-1a206
2b6b0 (base 13) to base 14
22090
What is -83246 (base 10) in base 15?
-199eb
What is -7a1976 (base 11) in base 6?
-43204354
What is -1942520 (base 11) in base 9?
-6153226
-37458 (base 9) to base 10
-25163
What is 245ed8 (base 15) in base 10?
1741478
455130 (base 6) to base 9
58100
Convert -3548 (base 14) to base 9.
-13646
Convert 1348445 (base 9) to base 2.
10110100111010100101
Convert -21120102222 (base 3) to base 13.
-52ab7
What is -21124033 (base 5) in base 4?
-223022000
-9d17a9 (base 14) to base 7
-63265302
What is 120110221002 (base 3) in base 13?
a88a2
Convert -1020310310 (base 4) to base 11.
-194125
Convert 3134700 (base 9) to base 11.
a45676
What is -1440403 (base 6) in base 9?
-135873
Convert -59512 (base 12) to base 9.
-202505
Convert 1010020224 (base 5) to base 9.
3737134
Convert -2022030031 (base 4) to base 14.
-10a3c9
Convert -83ac (base 13) to base 6.
-220213
Convert -220210121201121 (base 3) to base 11.
-7492468
What is 2003440213 (base 5) in base 6?
221015115
What is 14626326 (base 8) in base 10?
3353814
4521101 (base 7) to base 13
167a77
Convert -3231331023 (base 4) to base 7.
-11166411
Convert 1001110101010110 (base 2) to base 16.
9d56
Convert -175171 (base 8) to base 4.
-33221321
Convert 10111001001010001 (base 2) to base 9.
154034
42112404 (base 5) to base 4
1110323032
-211013123230 (base 4) to base 10
-9729772
-4c3e2 (base 15) to base 9
-411485
Convert -6387638 (base 10) to base 5.
-3113401023
Convert -15c1b47 (base 13) to base 14.
-d0ddd7
-4122714 (base 8) to base 15
-1683ea
11030310030 (base 4) to base 7
14405244
What is -101100221001220 (base 3) in base 10?
-5509833
8251 (base 15) to base 16
6b86
-343404401 (base 5) to base 4
-11321002133
What is -2221032023 (base 4) in base 5?
-134140011
What is -162460 (base 14) in base 15?
-104801
Convert 262056 (base 7) to base 10.
48747
-481134 (base 11) to base 13
-209297
Convert 5a0056 (base 11) to base 5.
220423401
Convert -339a1a (base 11) to base 15.
-aa141
Convert -bb92c (base 15) to base 9.
-1107576
What is -6b787 (base 14) in base 12?
-107877
Convert 26bb1 (base 13) to base 11.
4a364
Convert 201201202020 (base 3) to base 14.
a1770
Convert -275514 (base 13) to base 5.
-221014420
Convert 2b890 (base 15) to base 4.
202100112
Convert -1640506 (base 9) to base 3.
-1201100120020
What is 1182b (base 13) in base 2?
111110110010011
What is -24425 (base 8) in base 5?
-314032
What is -101110110000101011 (base 2) in base 11?
-12099a
Convert -e4c76b (base 16) to base 10.
-14993259
-103222220000 (base 4) to base 12
-18874a8
What is ddea (base 16) in base 13?
1cb20
What is 209bcd (base 14) in base 6?
35345001
Convert 4ef5 (base 16) to base 14.
751b
What is -120011200220 (base 3) in base 11?
-19443a
-1008704 (base 12) to base 7
-34335514
Convert -173640 (base 8) to base 12.
-30828
Convert -147c50 (base 15) to base 3.
-1212012122210
What is 211201110210 (base 3) in base 7?
3541566
13111232 (base 5) to base 16
1f7ae
Convert -2619648 (base 10) to base 3.
-11221002111000
What is -115265 (base 16) in base 13?
-309926
Convert -c699 (base 14) to base 5.
-2043424
What is -6566a43 (base 11) in base 10?
-11531710
Convert 212c7 (base 14) to base 11.
55238
1110010110110100010 (base 2) to base 3
212220022111
Convert -2065b (base 16) to base 15.
-294b9
-2221211210221 (base 3) to base 7
-16233613
What is 11111001110021 (base 3) in base 5?
1102221303
1203301032 (base 4) to base 3
202202120100
4a834 (base 12) to base 10
101416
What is -20022555 (base 8) in base 10?
-4203885
What is -1502412 (base 6) in base 5?
-10223440
What is -4755c (base 16) in base 12?
-121110
Convert 24240112 (base 5) to base 15.
4763c
What is 29a621a (base 12) in base 6?
500401234
-56ead9 (base 16) to base 15
-777b7c
Convert -1530541 (base 7) to base 3.
-101121220201
What is 24f994 (base 16) in base 10?
2423188
Convert -196246 (base 10) to base 6.
-4112314
-7d3ee (base 16) to base 12
-208a66
Convert -106144 (base 10) to base 6.
-2135224
Convert 13aaa5 (base 11) to base 9.
364220
What is 1653394 (base 12) in base 11?
2654359
-11302301233 (base 4) to base 2
-101110010110001101111
Convert -60b12b (base 13) to base 6.
-120134311
Convert -342214401 (base 5) to base 15.
-201451
-112111 (base 6) to base 9
-14077
What is 100000110000110101111 (base 2) in base 15?
163173
303000111 (base 4) to base 14
561c9
What is 111122202 (base 4) in base 8?
253242
Convert -188c47 (base 16) to base 10.
-1608775
Convert 51055a1 (base 11) to base 4.
202123222303
What is 2573466 (base 8) in base 9?
1314715
1543b0 (base 13) to base 15
a51c6
Convert 57692b (base 16) to base 9.
11701081
Convert -174b (base 15) to base 7.
-20432
Convert 201000001220 (base 3) to base 14.
9a444
Convert -30a73 (base 13) to base 12.
-4274b
-591 (base 14) to base 5
-13412
What is 20021221011200 (base 3) in base 8?
14604612
What is -5465330 (base 8) in base 6?
-51253332
Convert 4623133 (base 9) to base 6.
125253050
Convert 140432 (base 7) to base 9.
40468
Convert 21540 (base 9) to base 15.
437c
204243340 (base 5) to base 3
1121100001111
What is 447300 (base 10) in base 5?
103303200
What is 1140322421 (base 5) in base 6?
133100152
Convert -11032332021 (base 4) to base 13.
-390678
What is 431b98 (base 15) in base 6?
152253212
What is -125205251 (base 6) in base 11?
-1450445
-18034323 (base 9) to base 15
-bdd9e0
Convert -180086 (base 9) to base 14.
-2c967
-1434200224 (base 5) to base 13
-a3926c
1992137 (base 11) to base 2
1100110011001111011100
Convert 1301424 (base 5) to base 12.
12733
Convert -daa53 (base 16) to base 9.
-1614438
What is 14564413 (base 7) in base 4?
11110113232
What is -2db102 (base 15) in base 14?
-418d11
-c754 (base 13) to base 2
-110101111100000
222212435 (base 6) to base 13
ab1346
What is -1534455 (base 7) in base 3?
-101200202010
Convert 7971c7 (base 13) to base 14.
54a815
Convert 607244 (base 8) to base 9.
334747
What is 12112222000 (base 3) in base 4?
122230023
221dd6 (base 16) to base 9
4177021
Convert 30566111 (base 7) to base 16.
273bb1
-13617632 (base 8) to base 4
-23301332122
Convert 2033222 (base 5) to base 3.
1201001001
What is -6274c7 (base 13) in base 6?
-121153122
111001010100010100111 (base 2) to base 15
271773
What is 100400203 (base 6) in base 13?
47b908
What is 11030335 (base 6) in base 8?
1205563
1b4548 (base 13) to base 11
435311
What is 1110111010011101 (base 2) in base 14?
18393
1224545034 (base 6) to base 3
222202212221211
Convert -13542303 (base 6) to base 11.
-297aa3
ab514 (base 12) to base 6
4511224
Convert 3103312143 (base 5) to base 4.
120003311211
Convert -118803 (base 11) to base 16.
-2dbaf
What is b4b03 (base 15) in base 5?
121312403
Convert -338e36 (base 16) to base 11.
-19a8554
What is -bc358 (base 13) in base 12?
-1454a3
Convert 1020202122010 (base 3) to base 8.
2422005
-2016 (base 11) to base 16
-a77
What is -103101113 (base 4) in base 2?
-10011010001010111
Convert -5510402 (base 9) to base 10.
-2959337
Convert -6c724 (base 13) to base 12.
-97167
What is 11122122211121 (base 3) in base 9?
4578747
What is 454046 (base 9) in base 11?
176366
-121110010011 (base 3) to base 10
-323761
4324065 (base 7) to base 4
2000232012
Convert 71080 (base 10) to base 3.
